{"id":6593,"date":"2025-07-22T16:33:32","date_gmt":"2025-07-22T15:33:32","guid":{"rendered":"https:\/\/edenalvor.com\/eventos-de-grupo\/"},"modified":"2025-10-22T12:02:09","modified_gmt":"2025-10-22T11:02:09","slug":"eventos-de-grupo","status":"publish","type":"page","link":"https:\/\/edenalvor.com\/pt-pt\/eventos-de-grupo\/","title":{"rendered":"Eventos de grupo"},"content":{"rendered":"\n<div class=\"wp-block-columns is-layout-flex wp-container-core-columns-is-layout-9d6595d7 wp-block-columns-is-layout-flex\">\n<div class=\"wp-block-column is-layout-flow wp-block-column-is-layout-flow\">\n<p>O Eden Alvor estende-se por mais de 3.000 m\u00b2 de jardins paisag\u00edsticos, instala\u00e7\u00f5es de spa tranquilas, um restaurante requintado e um terra\u00e7o atmosf\u00e9rico ao p\u00f4r do sol, criando um cen\u00e1rio verdadeiramente vers\u00e1til para eventos inesquec\u00edveis. Quer esteja a planear um casamento, uma festa de anivers\u00e1rio, um ch\u00e1 de beb\u00e9, uma despedida de solteira ou um retiro empresarial, o Eden Alvor adapta-se facilmente \u00e0 sua vis\u00e3o.<\/p>\n<p>Desde encontros intimistas a celebra\u00e7\u00f5es maiores, a nossa equipa ir\u00e1 ajud\u00e1-lo a criar uma experi\u00eancia perfeita, com pacotes personalizados, comida excecional e espa\u00e7os que se movem facilmente entre o interior e o exterior. Op\u00e7\u00f5es de aluguer privado e reservas de uso exclusivo est\u00e3o dispon\u00edveis mediante pedido.<\/p>\n<p>Deixe que o Eden Alvor seja o cen\u00e1rio do seu pr\u00f3ximo momento especial.<\/p>\n<p>Entre em contacto para come\u00e7ar a planear&#8230;<\/p>\n\n\n\n<div class=\"wp-block-buttons is-content-justification-center is-layout-flex wp-container-core-buttons-is-layout-16018d1d wp-block-buttons-is-layout-flex\">\n<div class=\"wp-block-button\"><a class=\"wp-block-button__link wp-element-button\" href=\"mailto:info@edenalvor.com\">enviar pedido de informa\u00e7\u00e3o<\/a><\/div>\n<\/div>\n<\/div>\n\n\n\n<div class=\"wp-block-column is-layout-flow wp-block-column-is-layout-flow\">\n<iframe loading=\"lazy\" width=\"100%\" height=\"350\" src=\"https:\/\/www.youtube.com\/embed\/LLW62YQ77Wk?si=gplZRF4FxgjlZqPD\" title=\"Reprodutor de v\u00eddeo do YouTube\" frameborder=\"0\" allow=\"accelerometer; autoplay; clipboard-write; encrypted-media; gyroscope; picture-in-picture; web-share\" referrerpolicy=\"strict-origin-when-cross-origin\" allowfullscreen=\"\"><\/iframe>\n<\/div>\n<\/div>\n","protected":false},"excerpt":{"rendered":"<p>O Eden Alvor estende-se por mais de 3.000 m\u00b2 de jardins paisag\u00edsticos, instala\u00e7\u00f5es de spa tranquilas, um restaurante requintado e um terra\u00e7o atmosf\u00e9rico ao p\u00f4r do sol, criando um cen\u00e1rio verdadeiramente vers\u00e1til para eventos inesquec\u00edveis. Quer esteja a planear um casamento, uma festa de anivers\u00e1rio, um ch\u00e1 de beb\u00e9, uma despedida de solteira ou um [&hellip;]<\/p>\n","protected":false},"author":1,"featured_media":0,"parent":0,"menu_order":0,"comment_status":"closed","ping_status":"closed","template":"template-fullwidth.php","meta":{"_piecal_is_event":false,"_piecal_start_date":"","_piecal_end_date":"","_piecal_is_allday":false,"footnotes":""},"class_list":["post-6593","page","type-page","status-publish","hentry"],"_links":{"self":[{"href":"https:\/\/edenalvor.com\/pt-pt\/wp-json\/wp\/v2\/pages\/6593","targetHints":{"allow":["GET"]}}],"collection":[{"href":"https:\/\/edenalvor.com\/pt-pt\/wp-json\/wp\/v2\/pages"}],"about":[{"href":"https:\/\/edenalvor.com\/pt-pt\/wp-json\/wp\/v2\/types\/page"}],"author":[{"embeddable":true,"href":"https:\/\/edenalvor.com\/pt-pt\/wp-json\/wp\/v2\/users\/1"}],"replies":[{"embeddable":true,"href":"https:\/\/edenalvor.com\/pt-pt\/wp-json\/wp\/v2\/comments?post=6593"}],"version-history":[{"count":3,"href":"https:\/\/edenalvor.com\/pt-pt\/wp-json\/wp\/v2\/pages\/6593\/revisions"}],"predecessor-version":[{"id":6609,"href":"https:\/\/edenalvor.com\/pt-pt\/wp-json\/wp\/v2\/pages\/6593\/revisions\/6609"}],"wp:attachment":[{"href":"https:\/\/edenalvor.com\/pt-pt\/wp-json\/wp\/v2\/media?parent=6593"}],"curies":[{"name":"wp","href":"https:\/\/api.w.org\/{rel}","templated":true}]}}

<div class="wp-block-columns is-layout-flex wp-container-core-columns-is-layout-9d6595d7 wp-block-columns-is-layout-flex">
<div class="wp-block-column is-layout-flow wp-block-column-is-layout-flow">
<p>O Eden Alvor estende-se por mais de 3.000 m² de jardins paisagísticos, instalações de spa tranquilas, um restaurante requintado e um terraço atmosférico ao pôr do sol, criando um cenário verdadeiramente versátil para eventos inesquecíveis. Quer esteja a planear um casamento, uma festa de aniversário, um chá de bebé, uma despedida de solteira ou um retiro empresarial, o Eden Alvor adapta-se facilmente à sua visão.</p>
<p>Desde encontros intimistas a celebrações maiores, a nossa equipa irá ajudá-lo a criar uma experiência perfeita, com pacotes personalizados, comida excecional e espaços que se movem facilmente entre o interior e o exterior. Opções de aluguer privado e reservas de uso exclusivo estão disponíveis mediante pedido.</p>
<p>Deixe que o Eden Alvor seja o cenário do seu próximo momento especial.</p>
<p>Entre em contacto para começar a planear&#8230;</p>



<div class="wp-block-buttons is-content-justification-center is-layout-flex wp-container-core-buttons-is-layout-16018d1d wp-block-buttons-is-layout-flex">
<div class="wp-block-button"><a class="wp-block-button__link wp-element-button" href="mailto:info@edenalvor.com">enviar pedido de informação</a></div>
</div>
</div>



<div class="wp-block-column is-layout-flow wp-block-column-is-layout-flow">
<iframe loading="lazy" width="100%" height="350" src="https://www.youtube.com/embed/LLW62YQ77Wk?si=gplZRF4FxgjlZqPD" title="Reprodutor de vídeo do YouTube" frameborder="0" allow="accelerometer; autoplay; clipboard-write; encrypted-media; gyroscope; picture-in-picture; web-share" referrerpolicy="strict-origin-when-cross-origin" allowfullscreen=""></iframe>
</div>
</div>

<p>O Eden Alvor estende-se por mais de 3.000 m² de jardins paisagísticos, instalações de spa tranquilas, um restaurante requintado e um terraço atmosférico ao pôr do sol, criando um cenário verdadeiramente versátil para eventos inesquecíveis. Quer esteja a planear um casamento, uma festa de aniversário, um chá de bebé, uma despedida de solteira ou um [&hellip;]</p>
