{"id":6606,"date":"2025-07-22T15:36:00","date_gmt":"2025-07-22T14:36:00","guid":{"rendered":"https:\/\/edenalvor.com\/festas-infantis\/"},"modified":"2025-10-24T17:24:09","modified_gmt":"2025-10-24T16:24:09","slug":"festas-infantis","status":"publish","type":"page","link":"https:\/\/edenalvor.com\/pt-pt\/festas-infantis\/","title":{"rendered":"Festas infantis"},"content":{"rendered":"\n<div class=\"wp-block-columns is-layout-flex wp-container-core-columns-is-layout-9d6595d7 wp-block-columns-is-layout-flex\">\n<div class=\"wp-block-column is-layout-flow wp-block-column-is-layout-flow\">\n<p><strong>Celebre momentos inesquec\u00edveis com as Festas Infantis do Eden Alvor.<\/strong><\/p>\n<p data-start=\"268\" data-end=\"564\">Proporcione \u00e0s crian\u00e7as uma tarde cheia de alegria e divers\u00e3o com uma animada ronda de mini-golfe, seguida de um delicioso lanche com hamb\u00fargueres, pizzas, nuggets de frango e muito mais. O nosso programa de 3 horas foi pensado para tornar o dia especial do seu filho verdadeiramente memor\u00e1vel.<\/p>\n<p data-start=\"566\" data-end=\"672\">Enquanto os mais novos se divertem, os pais podem relaxar e desfrutar dos servi\u00e7os do restaurante e bar.<\/p>\n<p data-start=\"674\" data-end=\"807\">O pre\u00e7o m\u00ednimo do pacote \u00e9 de 150 \u20ac, incluindo mini-golfe e refei\u00e7\u00e3o para 10 crian\u00e7as. Cada crian\u00e7a adicional tem um custo de 15 \u20ac.<\/p>\n<p data-start=\"809\" data-end=\"938\">Reserve j\u00e1 e crie mem\u00f3rias inesquec\u00edveis com as Festas Infantis do Eden Alvor \u2013 um dia especial repleto de divers\u00e3o e sorrisos.<\/p>\n<\/div>\n\n\n\n<div class=\"wp-block-column is-layout-flow wp-block-column-is-layout-flow\">\n<figure class=\"wp-block-image size-full\"><img loading=\"lazy\" decoding=\"async\" width=\"600\" height=\"400\" src=\"https:\/\/askai.pt\/wp-content\/uploads\/2025\/07\/kids-party.jpg\" alt=\"\" class=\"wp-image-1589\" srcset=\"https:\/\/edenalvor.com\/wp-content\/uploads\/2025\/07\/kids-party.jpg 600w, https:\/\/edenalvor.com\/wp-content\/uploads\/2025\/07\/kids-party-300x200.jpg 300w\" sizes=\"auto, (max-width: 600px) 100vw, 600px\" \/><\/figure>\n<\/div>\n<\/div>\n\n\n\n<figure class=\"wp-block-pullquote\"><blockquote><p><strong><sup>\u20ac<\/sup>150<\/strong><\/p><cite>Pre\u00e7o para 10 crian\u00e7as (15 \u20ac por cada crian\u00e7a ADICIONAL)<\/cite><\/blockquote><\/figure>\n\n\n\n<pre class=\"wp-block-verse\">Jogo de Mini-Golfe (1 hora): A celebra\u00e7\u00e3o come\u00e7a com uma partida de mini-golfe.<\/pre>\n\n\n\n<pre class=\"wp-block-verse\">Hora do Lanche: Ap\u00f3s o jogo, delicie-se com um lanche delicioso, incluindo hamb\u00fargueres, pizzas, nuggets de frango, palitos de peixe, batatas fritas, sumos e \u00e1gua.<\/pre>\n\n\n\n<pre class=\"wp-block-verse\">Envolvimento Parental: Os pais s\u00f3 precisam trazer o bolo de anivers\u00e1rio e podem tamb\u00e9m trazer decora\u00e7\u00f5es, se desejarem. Enquanto as crian\u00e7as desfrutam da festa, os adultos podem aproveitar o nosso servi\u00e7o normal de restaurante\/bar. Por favor, note que n\u00e3o \u00e9 permitido trazer comida ou bebidas de fora, exceto o bolo de anivers\u00e1rio.<\/pre>\n\n\n<p style=\"text-align: center;\">*N\u00e3o podem ocorrer festas durante julho e agosto (per\u00edodo de pico de ver\u00e3o).<\/p>\n\n\n<div class=\"wp-block-buttons is-content-justification-center is-layout-flex wp-container-core-buttons-is-layout-16018d1d wp-block-buttons-is-layout-flex\">\n<div class=\"wp-block-button\"><a class=\"wp-block-button__link wp-element-button\" href=\"https:\/\/edenalvor.com\/pt-pt\/pedido-de-informacao-sobre-festa-infantil\/\">Informe-se agora<\/a><\/div>\n<\/div>\n\n\n\n<p><\/p>\n","protected":false},"excerpt":{"rendered":"<p>Celebre momentos inesquec\u00edveis com as Festas Infantis do Eden Alvor. Proporcione \u00e0s crian\u00e7as uma tarde cheia de alegria e divers\u00e3o com uma animada ronda de mini-golfe, seguida de um delicioso lanche com hamb\u00fargueres, pizzas, nuggets de frango e muito mais. O nosso programa de 3 horas foi pensado para tornar o dia especial do seu [&hellip;]<\/p>\n","protected":false},"author":1,"featured_media":0,"parent":0,"menu_order":0,"comment_status":"closed","ping_status":"closed","template":"template-fullwidth.php","meta":{"_piecal_is_event":false,"_piecal_start_date":"","_piecal_end_date":"","_piecal_is_allday":false,"footnotes":""},"class_list":["post-6606","page","type-page","status-publish","hentry"],"_links":{"self":[{"href":"https:\/\/edenalvor.com\/pt-pt\/wp-json\/wp\/v2\/pages\/6606","targetHints":{"allow":["GET"]}}],"collection":[{"href":"https:\/\/edenalvor.com\/pt-pt\/wp-json\/wp\/v2\/pages"}],"about":[{"href":"https:\/\/edenalvor.com\/pt-pt\/wp-json\/wp\/v2\/types\/page"}],"author":[{"embeddable":true,"href":"https:\/\/edenalvor.com\/pt-pt\/wp-json\/wp\/v2\/users\/1"}],"replies":[{"embeddable":true,"href":"https:\/\/edenalvor.com\/pt-pt\/wp-json\/wp\/v2\/comments?post=6606"}],"version-history":[{"count":3,"href":"https:\/\/edenalvor.com\/pt-pt\/wp-json\/wp\/v2\/pages\/6606\/revisions"}],"predecessor-version":[{"id":10196,"href":"https:\/\/edenalvor.com\/pt-pt\/wp-json\/wp\/v2\/pages\/6606\/revisions\/10196"}],"wp:attachment":[{"href":"https:\/\/edenalvor.com\/pt-pt\/wp-json\/wp\/v2\/media?parent=6606"}],"curies":[{"name":"wp","href":"https:\/\/api.w.org\/{rel}","templated":true}]}}

<div class="wp-block-columns is-layout-flex wp-container-core-columns-is-layout-9d6595d7 wp-block-columns-is-layout-flex">
<div class="wp-block-column is-layout-flow wp-block-column-is-layout-flow">
<p><strong>Celebre momentos inesquecíveis com as Festas Infantis do Eden Alvor.</strong></p>
<p data-start="268" data-end="564">Proporcione às crianças uma tarde cheia de alegria e diversão com uma animada ronda de mini-golfe, seguida de um delicioso lanche com hambúrgueres, pizzas, nuggets de frango e muito mais. O nosso programa de 3 horas foi pensado para tornar o dia especial do seu filho verdadeiramente memorável.</p>
<p data-start="566" data-end="672">Enquanto os mais novos se divertem, os pais podem relaxar e desfrutar dos serviços do restaurante e bar.</p>
<p data-start="674" data-end="807">O preço mínimo do pacote é de 150 €, incluindo mini-golfe e refeição para 10 crianças. Cada criança adicional tem um custo de 15 €.</p>
<p data-start="809" data-end="938">Reserve já e crie memórias inesquecíveis com as Festas Infantis do Eden Alvor – um dia especial repleto de diversão e sorrisos.</p>
</div>



<div class="wp-block-column is-layout-flow wp-block-column-is-layout-flow">
<figure class="wp-block-image size-full"><img loading="lazy" decoding="async" width="600" height="400" src="https://askai.pt/wp-content/uploads/2025/07/kids-party.jpg" alt="" class="wp-image-1589" srcset="https://edenalvor.com/wp-content/uploads/2025/07/kids-party.jpg 600w, https://edenalvor.com/wp-content/uploads/2025/07/kids-party-300x200.jpg 300w" sizes="auto, (max-width: 600px) 100vw, 600px" /></figure>
</div>
</div>



<figure class="wp-block-pullquote"><blockquote><p><strong><sup>€</sup>150</strong></p><cite>Preço para 10 crianças (15 € por cada criança ADICIONAL)</cite></blockquote></figure>



<pre class="wp-block-verse">Jogo de Mini-Golfe (1 hora): A celebração começa com uma partida de mini-golfe.</pre>



<pre class="wp-block-verse">Hora do Lanche: Após o jogo, delicie-se com um lanche delicioso, incluindo hambúrgueres, pizzas, nuggets de frango, palitos de peixe, batatas fritas, sumos e água.</pre>



<pre class="wp-block-verse">Envolvimento Parental: Os pais só precisam trazer o bolo de aniversário e podem também trazer decorações, se desejarem. Enquanto as crianças desfrutam da festa, os adultos podem aproveitar o nosso serviço normal de restaurante/bar. Por favor, note que não é permitido trazer comida ou bebidas de fora, exceto o bolo de aniversário.</pre>


<p style="text-align: center;">*Não podem ocorrer festas durante julho e agosto (período de pico de verão).</p>


<div class="wp-block-buttons is-content-justification-center is-layout-flex wp-container-core-buttons-is-layout-16018d1d wp-block-buttons-is-layout-flex">
<div class="wp-block-button"><a class="wp-block-button__link wp-element-button" href="https://edenalvor.com/pt-pt/pedido-de-informacao-sobre-festa-infantil/">Informe-se agora</a></div>
</div>



<p></p>

<p>Celebre momentos inesquecíveis com as Festas Infantis do Eden Alvor. Proporcione às crianças uma tarde cheia de alegria e diversão com uma animada ronda de mini-golfe, seguida de um delicioso lanche com hambúrgueres, pizzas, nuggets de frango e muito mais. O nosso programa de 3 horas foi pensado para tornar o dia especial do seu [&hellip;]</p>
