{"id":10439,"date":"2025-07-22T11:38:59","date_gmt":"2025-07-22T10:38:59","guid":{"rendered":"https:\/\/edenalvor.com\/booking\/celebracao-de-ano-novo\/"},"modified":"2026-02-10T12:50:26","modified_gmt":"2026-02-10T12:50:26","slug":"celebracao-de-ano-novo","status":"publish","type":"product","link":"https:\/\/edenalvor.com\/pt-pt\/reserva\/celebracao-de-ano-novo\/","title":{"rendered":"Celebra\u00e7\u00e3o de Ano Novo"},"content":{"rendered":"","protected":false},"excerpt":{"rendered":"<p><span style=\"font-weight: 400;\">Recebe 2026 com uma noite inesquec\u00edvel com um menu gourmet exclusivo criado pelo Chef Filipe, m\u00fasica ao vivo com o famoso Rauber Mendes que tem 30 anos de experi\u00eancia em cruzeiros de 5 estrelas e outros locais de topo em todo o mundo. E o esp\u00edrito de festa que define o Eden Alvor.<br \/>\nO nosso tema este ano \u00e9 simples: Vem como \u00e9s. Um esp\u00edrito tropical \u00e9 bem-vindo, quer prefiras manter-te descontra\u00eddo ou trazer o teu visual completo de para\u00edso.<br \/>\nCelebra o \u00faltimo p\u00f4r do sol do ano, brinda sob as estrelas e d\u00e1 as boas-vindas aos novos come\u00e7os de 2026 no Eden.<br \/>\n<\/span><\/p>\n<details class=\"wp-block-details has-small-font-size is-layout-flow wp-block-details-is-layout-flow\" style=\"font-style: normal; font-weight: bold; text-decoration: none;\">\n<summary>Menu Standard \u2013 89 \u20ac por pessoa<\/summary>\n<div class=\"wp-block-spacer\" style=\"height: 20px;\" aria-hidden=\"true\"><\/div>\n<p style=\"padding-left: 40px;\"><u>Bebida de boas-vindas<\/u><\/p>\n<p style=\"padding-left: 40px;\"><u>Amuse-bouche<\/u><br \/>\nostra \/ lim\u00e3o<\/p>\n<p style=\"padding-left: 40px;\"><u>Couvert<\/u><br \/>\nmanteiga de camar\u00e3o \/ azeite aromatizado \/ croquete de alheira \/ p\u00e3o<\/p>\n<p style=\"padding-left: 40px;\"><u>Entrada<\/u><br \/>\nSalmonete \/ Molho Tiger \/ Emuls\u00e3o<br \/>\n&amp;<br \/>\nMagret de Pato \/ Alecrim \/ Cenoura \/ Vinho do Porto \/ Laranja<\/p>\n<p style=\"padding-left: 40px;\"><u>Peixe<\/u><br \/>\npargo \/ pastinaca \/ couve-flor roxa \/ caviar \/ espuma de espumante<\/p>\n<p style=\"padding-left: 40px;\"><u>Limpa-palato<\/u><br \/>\nsorvete de tangerina \/ gin \/ lim\u00e3o \/ hortel\u00e3<\/p>\n<p style=\"padding-left: 40px;\"><u>Carne<\/u><br \/>\nlombo de vaca \/ batata gratinada \/ p\u00e9rolas de camar\u00e3o \/ pak choi \/ molho<\/p>\n<p style=\"padding-left: 40px;\"><u>Sobremesa<\/u><br \/>\nrabanada \/ vinho do Porto \/ baunilha \/ laranja \/ am\u00eandoa<\/p>\n<\/details>\n<div class=\"wp-block-spacer\" style=\"height: 20px;\" aria-hidden=\"true\"><\/div>\n<details class=\"wp-block-details has-small-font-size is-layout-flow wp-block-details-is-layout-flow\" style=\"font-style: normal; font-weight: bold; text-decoration: none;\">\n<summary>Menu Vegan \/ Vegetariano \u2013 45 \u20ac por pessoa<\/summary>\n<div class=\"wp-block-spacer\" style=\"height: 20px;\" aria-hidden=\"true\"><\/div>\n<p style=\"padding-left: 40px;\"><u>Bebida de boas-vindas<\/u><\/p>\n<p style=\"padding-left: 40px;\"><u>Entrada<\/u><br \/>\nbeterraba \/ cebola roxa \/ ma\u00e7\u00e3 \/ manga \/ cebolinho \/ abacate \/ vinagrete<\/p>\n<p style=\"padding-left: 40px;\"><u>Prato principal<\/u><br \/>\ntexturas de cenoura \/ milho \/ br\u00f3colos \/ couve-flor roxa \/ cogumelos shiitake \/ pipocas \/ morango \/ framboesas \/ beterraba \/ lim\u00e3o \/ hortel\u00e3<\/p>\n<p style=\"padding-left: 40px;\"><u>Sobremesa<\/u><br \/>\nanan\u00e1s \/ hortel\u00e3 \/ pau de canela \/ anis estrelado \/ tangerina<\/p>\n<\/details>\n<div class=\"wp-block-spacer\" style=\"height: 20px;\" aria-hidden=\"true\"><\/div>\n<p>Nota: Para mais de 12 pessoas, por favor <a class=\"orange\" href=\"https:\/\/edenalvor.com\/pt-pt\/contacte-nos\/\">contacte-nos<\/a>.<\/p>\n","protected":false},"featured_media":14944,"comment_status":"open","ping_status":"closed","template":"","meta":{"_piecal_is_event":false,"_piecal_start_date":"","_piecal_end_date":"","_piecal_is_allday":false},"product_brand":[],"product_cat":[70],"product_tag":[],"class_list":{"0":"post-10439","1":"product","2":"type-product","3":"status-publish","4":"has-post-thumbnail","6":"product_cat-restaurante","8":"first","9":"instock","10":"virtual","11":"sold-individually","12":"purchasable","13":"product-type-booking"},"bundled_by":[],"bundle_stock_status":"instock","bundle_stock_quantity":null,"bundle_virtual":false,"bundle_layout":"","bundle_add_to_cart_form_location":"","bundle_editable_in_cart":false,"bundle_sold_individually_context":"","bundle_item_grouping":"","bundle_min_size":"","bundle_max_size":"","bundle_price":[],"bundled_items":[],"bundle_sell_ids":[],"group_of_quantity":0,"min_quantity":0,"max_quantity":"","exclude_order_quantity_value_rules":"no","exclude_category_quantity_rules":"no","combine_variations":"no","_links":{"self":[{"href":"https:\/\/edenalvor.com\/pt-pt\/wp-json\/wp\/v2\/product\/10439","targetHints":{"allow":["GET"]}}],"collection":[{"href":"https:\/\/edenalvor.com\/pt-pt\/wp-json\/wp\/v2\/product"}],"about":[{"href":"https:\/\/edenalvor.com\/pt-pt\/wp-json\/wp\/v2\/types\/product"}],"replies":[{"embeddable":true,"href":"https:\/\/edenalvor.com\/pt-pt\/wp-json\/wp\/v2\/comments?post=10439"}],"wp:featuredmedia":[{"embeddable":true,"href":"https:\/\/edenalvor.com\/pt-pt\/wp-json\/wp\/v2\/media\/14944"}],"wp:attachment":[{"href":"https:\/\/edenalvor.com\/pt-pt\/wp-json\/wp\/v2\/media?parent=10439"}],"wp:term":[{"taxonomy":"product_brand","embeddable":true,"href":"https:\/\/edenalvor.com\/pt-pt\/wp-json\/wp\/v2\/product_brand?post=10439"},{"taxonomy":"product_cat","embeddable":true,"href":"https:\/\/edenalvor.com\/pt-pt\/wp-json\/wp\/v2\/product_cat?post=10439"},{"taxonomy":"product_tag","embeddable":true,"href":"https:\/\/edenalvor.com\/pt-pt\/wp-json\/wp\/v2\/product_tag?post=10439"}],"curies":[{"name":"wp","href":"https:\/\/api.w.org\/{rel}","templated":true}]}}

Celebração de Ano Novo

<p><span style="font-weight: 400;">Recebe 2026 com uma noite inesquecível com um menu gourmet exclusivo criado pelo Chef Filipe, música ao vivo com o famoso Rauber Mendes que tem 30 anos de experiência em cruzeiros de 5 estrelas e outros locais de topo em todo o mundo. E o espírito de festa que define o Eden Alvor.<br />
O nosso tema este ano é simples: Vem como és. Um espírito tropical é bem-vindo, quer prefiras manter-te descontraído ou trazer o teu visual completo de paraíso.<br />
Celebra o último pôr do sol do ano, brinda sob as estrelas e dá as boas-vindas aos novos começos de 2026 no Eden.<br />
</span></p>
<details class="wp-block-details has-small-font-size is-layout-flow wp-block-details-is-layout-flow" style="font-style: normal; font-weight: bold; text-decoration: none;">
<summary>Menu Standard – 89 € por pessoa</summary>
<div class="wp-block-spacer" style="height: 20px;" aria-hidden="true"></div>
<p style="padding-left: 40px;"><u>Bebida de boas-vindas</u></p>
<p style="padding-left: 40px;"><u>Amuse-bouche</u><br />
ostra / limão</p>
<p style="padding-left: 40px;"><u>Couvert</u><br />
manteiga de camarão / azeite aromatizado / croquete de alheira / pão</p>
<p style="padding-left: 40px;"><u>Entrada</u><br />
Salmonete / Molho Tiger / Emulsão<br />
&amp;<br />
Magret de Pato / Alecrim / Cenoura / Vinho do Porto / Laranja</p>
<p style="padding-left: 40px;"><u>Peixe</u><br />
pargo / pastinaca / couve-flor roxa / caviar / espuma de espumante</p>
<p style="padding-left: 40px;"><u>Limpa-palato</u><br />
sorvete de tangerina / gin / limão / hortelã</p>
<p style="padding-left: 40px;"><u>Carne</u><br />
lombo de vaca / batata gratinada / pérolas de camarão / pak choi / molho</p>
<p style="padding-left: 40px;"><u>Sobremesa</u><br />
rabanada / vinho do Porto / baunilha / laranja / amêndoa</p>
</details>
<div class="wp-block-spacer" style="height: 20px;" aria-hidden="true"></div>
<details class="wp-block-details has-small-font-size is-layout-flow wp-block-details-is-layout-flow" style="font-style: normal; font-weight: bold; text-decoration: none;">
<summary>Menu Vegan / Vegetariano – 45 € por pessoa</summary>
<div class="wp-block-spacer" style="height: 20px;" aria-hidden="true"></div>
<p style="padding-left: 40px;"><u>Bebida de boas-vindas</u></p>
<p style="padding-left: 40px;"><u>Entrada</u><br />
beterraba / cebola roxa / maçã / manga / cebolinho / abacate / vinagrete</p>
<p style="padding-left: 40px;"><u>Prato principal</u><br />
texturas de cenoura / milho / brócolos / couve-flor roxa / cogumelos shiitake / pipocas / morango / framboesas / beterraba / limão / hortelã</p>
<p style="padding-left: 40px;"><u>Sobremesa</u><br />
ananás / hortelã / pau de canela / anis estrelado / tangerina</p>
</details>
<div class="wp-block-spacer" style="height: 20px;" aria-hidden="true"></div>
<p>Nota: Para mais de 12 pessoas, por favor <a class="orange" href="https://edenalvor.com/pt-pt/contacte-nos/">contacte-nos</a>.</p>
