{"id":6742,"date":"2025-07-22T11:43:24","date_gmt":"2025-07-22T10:43:24","guid":{"rendered":"https:\/\/edenalvor.com\/booking\/menu-do-dia-de-natal\/"},"modified":"2026-02-10T12:50:06","modified_gmt":"2026-02-10T12:50:06","slug":"menu-do-dia-de-natal","status":"publish","type":"product","link":"https:\/\/edenalvor.com\/pt-pt\/reserva\/menu-do-dia-de-natal\/","title":{"rendered":"Menu do dia de Natal"},"content":{"rendered":"","protected":false},"excerpt":{"rendered":"<p><span style=\"font-weight: 400;\">O Dia de Natal no Eden Alvor \u00e9 um dos momentos mais aguardados do ano. Junte-se a n\u00f3s para desfrutar de um menu festivo especial, criado para uma tarde relaxada e alegre. Reservas dispon\u00edveis das 12h00 \u00e0s 18h00, com o encerramento do espa\u00e7o \u00e0s 20h00.  <\/span><\/p>\n<p><strong>Menu de Natal<\/strong><br \/>\n<u>Couvert<\/u><br \/>\nP\u00e3o, manteigas aromatizadas, azeite infundido, pasta de azeitona.<br \/>\n<u><\/u><\/p>\n<p><u>Entrada<\/u><br \/>\nCreme de castanhas com am\u00eandoas torradas.<br \/>\n<u><\/u><\/p>\n<p><u>Peixe<\/u><br \/>\nPolvo com pur\u00e9 de batata-doce, couve romanesca, milho baby e ovas de peixe.<\/p>\n<p>ou<\/p>\n<p><u>Carne<\/u><br \/>\nLombo de porco preto com pur\u00e9 de batata, cogumelos e cebolinho, servido com couve romanesca, milho baby e jus.<\/p>\n<p>ou<\/p>\n<p><u>Vegetariano<\/u><br \/>\nRisoto de cogumelos trufado.<\/p>\n<p><u>Sobremesa<\/u><br \/>\nMassa folhada de ma\u00e7\u00e3 com gelado de baunilha.<\/p>\n<p>Nota: Para mais de 12 pessoas, por favor <a class=\"orange\" href=\"https:\/\/edenalvor.com\/pt-pt\/contacte-nos\/\">contacte-nos<\/a>.<\/p>\n","protected":false},"featured_media":6743,"comment_status":"open","ping_status":"closed","template":"","meta":{"_piecal_is_event":false,"_piecal_start_date":"","_piecal_end_date":"","_piecal_is_allday":false},"product_brand":[],"product_cat":[70],"product_tag":[],"class_list":{"0":"post-6742","1":"product","2":"type-product","3":"status-publish","4":"has-post-thumbnail","6":"product_cat-restaurante","8":"first","9":"instock","10":"virtual","11":"sold-individually","12":"purchasable","13":"product-type-booking"},"bundled_by":[],"bundle_stock_status":"instock","bundle_stock_quantity":null,"bundle_virtual":false,"bundle_layout":"","bundle_add_to_cart_form_location":"","bundle_editable_in_cart":false,"bundle_sold_individually_context":"","bundle_item_grouping":"","bundle_min_size":"","bundle_max_size":"","bundle_price":[],"bundled_items":[],"bundle_sell_ids":[],"group_of_quantity":0,"min_quantity":0,"max_quantity":"","exclude_order_quantity_value_rules":"no","exclude_category_quantity_rules":"no","combine_variations":"no","_links":{"self":[{"href":"https:\/\/edenalvor.com\/pt-pt\/wp-json\/wp\/v2\/product\/6742","targetHints":{"allow":["GET"]}}],"collection":[{"href":"https:\/\/edenalvor.com\/pt-pt\/wp-json\/wp\/v2\/product"}],"about":[{"href":"https:\/\/edenalvor.com\/pt-pt\/wp-json\/wp\/v2\/types\/product"}],"replies":[{"embeddable":true,"href":"https:\/\/edenalvor.com\/pt-pt\/wp-json\/wp\/v2\/comments?post=6742"}],"wp:featuredmedia":[{"embeddable":true,"href":"https:\/\/edenalvor.com\/pt-pt\/wp-json\/wp\/v2\/media\/6743"}],"wp:attachment":[{"href":"https:\/\/edenalvor.com\/pt-pt\/wp-json\/wp\/v2\/media?parent=6742"}],"wp:term":[{"taxonomy":"product_brand","embeddable":true,"href":"https:\/\/edenalvor.com\/pt-pt\/wp-json\/wp\/v2\/product_brand?post=6742"},{"taxonomy":"product_cat","embeddable":true,"href":"https:\/\/edenalvor.com\/pt-pt\/wp-json\/wp\/v2\/product_cat?post=6742"},{"taxonomy":"product_tag","embeddable":true,"href":"https:\/\/edenalvor.com\/pt-pt\/wp-json\/wp\/v2\/product_tag?post=6742"}],"curies":[{"name":"wp","href":"https:\/\/api.w.org\/{rel}","templated":true}]}}

<p><span style="font-weight: 400;">O Dia de Natal no Eden Alvor é um dos momentos mais aguardados do ano. Junte-se a nós para desfrutar de um menu festivo especial, criado para uma tarde relaxada e alegre. Reservas disponíveis das 12h00 às 18h00, com o encerramento do espaço às 20h00.  </span></p>
<p><strong>Menu de Natal</strong><br />
<u>Couvert</u><br />
Pão, manteigas aromatizadas, azeite infundido, pasta de azeitona.<br />
<u></u></p>
<p><u>Entrada</u><br />
Creme de castanhas com amêndoas torradas.<br />
<u></u></p>
<p><u>Peixe</u><br />
Polvo com puré de batata-doce, couve romanesca, milho baby e ovas de peixe.</p>
<p>ou</p>
<p><u>Carne</u><br />
Lombo de porco preto com puré de batata, cogumelos e cebolinho, servido com couve romanesca, milho baby e jus.</p>
<p>ou</p>
<p><u>Vegetariano</u><br />
Risoto de cogumelos trufado.</p>
<p><u>Sobremesa</u><br />
Massa folhada de maçã com gelado de baunilha.</p>
<p>Nota: Para mais de 12 pessoas, por favor <a class="orange" href="https://edenalvor.com/pt-pt/contacte-nos/">contacte-nos</a>.</p>
