{"id":6977,"date":"2025-06-29T13:24:47","date_gmt":"2025-06-29T12:24:47","guid":{"rendered":"https:\/\/edenalvor.com\/booking\/yoga-de-sabado-de-manha\/"},"modified":"2025-12-04T12:31:22","modified_gmt":"2025-12-04T12:31:22","slug":"yoga-de-sabado-de-manha","status":"publish","type":"product","link":"https:\/\/edenalvor.com\/pt-pt\/reserva\/yoga-de-sabado-de-manha\/","title":{"rendered":"Yoga \u00e0s Quartas-feiras e S\u00e1bados de Manh\u00e3"},"content":{"rendered":"","protected":false},"excerpt":{"rendered":"<p><span style=\"font-weight: 400;\">Junte-se a n\u00f3s todas as quartas-feiras ou s\u00e1bados para Yoga no Eden Spa, em parceria com a Shoreline Yoga Therapy.<\/span><br \/>\n<span style=\"font-weight: 400;\">Reconecte-se, relaxe e recarregue energias no nosso ambiente tropical tranquilo.<\/span><\/p>\n<p><strong>Nota: As aulas est\u00e3o dispon\u00edveis: quartas-feiras e s\u00e1bados \u00e0s 9:45. A reserva online est\u00e1 temporariamente inativa. Reservas dispon\u00edveis apenas diretamente com a Shoreline Yoga mediante <a class=\"orange\" href=\"https:\/\/wa.me\/+351937901680\" target=\"_blank\" rel=\"noopener\">pedido<\/a>.<\/strong><\/p>\n","protected":false},"featured_media":6938,"comment_status":"open","ping_status":"closed","template":"","meta":{"_piecal_is_event":false,"_piecal_start_date":"","_piecal_end_date":"","_piecal_is_allday":false},"product_brand":[],"product_cat":[76],"product_tag":[],"class_list":{"0":"post-6977","1":"product","2":"type-product","3":"status-publish","4":"has-post-thumbnail","6":"product_cat-ioga","8":"first","9":"instock","10":"virtual","11":"sold-individually","12":"purchasable","13":"product-type-booking"},"bundled_by":[],"bundle_stock_status":"instock","bundle_stock_quantity":null,"bundle_virtual":false,"bundle_layout":"","bundle_add_to_cart_form_location":"","bundle_editable_in_cart":false,"bundle_sold_individually_context":"","bundle_item_grouping":"","bundle_min_size":"","bundle_max_size":"","bundle_price":[],"bundled_items":[],"bundle_sell_ids":[],"group_of_quantity":0,"min_quantity":0,"max_quantity":"","exclude_order_quantity_value_rules":"no","exclude_category_quantity_rules":"no","combine_variations":"no","_links":{"self":[{"href":"https:\/\/edenalvor.com\/pt-pt\/wp-json\/wp\/v2\/product\/6977","targetHints":{"allow":["GET"]}}],"collection":[{"href":"https:\/\/edenalvor.com\/pt-pt\/wp-json\/wp\/v2\/product"}],"about":[{"href":"https:\/\/edenalvor.com\/pt-pt\/wp-json\/wp\/v2\/types\/product"}],"replies":[{"embeddable":true,"href":"https:\/\/edenalvor.com\/pt-pt\/wp-json\/wp\/v2\/comments?post=6977"}],"wp:featuredmedia":[{"embeddable":true,"href":"https:\/\/edenalvor.com\/pt-pt\/wp-json\/wp\/v2\/media\/6938"}],"wp:attachment":[{"href":"https:\/\/edenalvor.com\/pt-pt\/wp-json\/wp\/v2\/media?parent=6977"}],"wp:term":[{"taxonomy":"product_brand","embeddable":true,"href":"https:\/\/edenalvor.com\/pt-pt\/wp-json\/wp\/v2\/product_brand?post=6977"},{"taxonomy":"product_cat","embeddable":true,"href":"https:\/\/edenalvor.com\/pt-pt\/wp-json\/wp\/v2\/product_cat?post=6977"},{"taxonomy":"product_tag","embeddable":true,"href":"https:\/\/edenalvor.com\/pt-pt\/wp-json\/wp\/v2\/product_tag?post=6977"}],"curies":[{"name":"wp","href":"https:\/\/api.w.org\/{rel}","templated":true}]}}

Yoga às Quartas-feiras e Sábados de Manhã

<p><span style="font-weight: 400;">Junte-se a nós todas as quartas-feiras ou sábados para Yoga no Eden Spa, em parceria com a Shoreline Yoga Therapy.</span><br />
<span style="font-weight: 400;">Reconecte-se, relaxe e recarregue energias no nosso ambiente tropical tranquilo.</span></p>
<p><strong>Nota: As aulas estão disponíveis: quartas-feiras e sábados às 9:45. A reserva online está temporariamente inativa. Reservas disponíveis apenas diretamente com a Shoreline Yoga mediante <a class="orange" href="https://wa.me/+351937901680" target="_blank" rel="noopener">pedido</a>.</strong></p>
