{"id":7536,"date":"2025-07-22T12:00:58","date_gmt":"2025-07-22T11:00:58","guid":{"rendered":"https:\/\/edenalvor.com\/booking\/reserve-uma-mesa-no-restaurante-eden\/"},"modified":"2026-01-01T16:54:26","modified_gmt":"2026-01-01T16:54:26","slug":"reserve-uma-mesa-no-restaurante-eden","status":"publish","type":"product","link":"https:\/\/edenalvor.com\/pt-pt\/reserva\/reserve-uma-mesa-no-restaurante-eden\/","title":{"rendered":"Reserve uma Mesa no Restaurante Eden"},"content":{"rendered":"<p style=\"text-align: center;\"><a class=\"button\" href=\"https:\/\/edenalvor.com\/pt-pt\/restaurante-eden\/\">Os Nossos Menus<\/a><\/p>\n<p>Sabores deliciosos e bebidas especiais numa das nossas esplanadas com vista para o bel\u00edssimo jardim e Ria de Alvor tornar\u00e3o o seu dia \u00fanico.<\/p>\n","protected":false},"excerpt":{"rendered":"<p><span style=\"font-weight: 400;\">O Restaurante Eden est\u00e1 aberto diariamente para pequeno-almo\u00e7o, almo\u00e7o, snacks e tapas, e jantar.<\/span><\/p>\n<p><span style=\"font-weight: 400;\">Desfrute de pratos gourmet confecionados com sabores frescos e locais num ambiente relaxante, mas elegante. Acompanhe a sua refei\u00e7\u00e3o com um bom vinho ou um cocktail<\/span><\/p>\n<p><span style=\"font-weight: 400;\">Para o jantar, venha experimentar uma experi\u00eancia gastron\u00f3mica com o Chef Filipe \u2013 que ganhou o pr\u00e9mio de Chef do Ano de Portim\u00e3o em 2024 gra\u00e7as \u00e0s suas obras-primas culin\u00e1rias.<\/span><\/p>\n<p>Nota: Para mais de 9 pessoas, por favor <a class=\"orange\" href=\"https:\/\/edenalvor.com\/pt-pt\/contacte-nos\/\">contacte-nos<\/a>.<\/p>\n","protected":false},"featured_media":6753,"comment_status":"open","ping_status":"closed","template":"","meta":{"_piecal_is_event":false,"_piecal_start_date":"","_piecal_end_date":"","_piecal_is_allday":false},"product_brand":[],"product_cat":[70],"product_tag":[],"class_list":{"0":"post-7536","1":"product","2":"type-product","3":"status-publish","4":"has-post-thumbnail","6":"product_cat-restaurante","8":"first","9":"instock","10":"virtual","11":"sold-individually","12":"purchasable","13":"product-type-booking"},"bundled_by":[],"bundle_stock_status":"instock","bundle_stock_quantity":null,"bundle_virtual":false,"bundle_layout":"","bundle_add_to_cart_form_location":"","bundle_editable_in_cart":false,"bundle_sold_individually_context":"","bundle_item_grouping":"","bundle_min_size":"","bundle_max_size":"","bundle_price":[],"bundled_items":[],"bundle_sell_ids":[],"group_of_quantity":0,"min_quantity":0,"max_quantity":"","exclude_order_quantity_value_rules":"no","exclude_category_quantity_rules":"no","combine_variations":"no","_links":{"self":[{"href":"https:\/\/edenalvor.com\/pt-pt\/wp-json\/wp\/v2\/product\/7536","targetHints":{"allow":["GET"]}}],"collection":[{"href":"https:\/\/edenalvor.com\/pt-pt\/wp-json\/wp\/v2\/product"}],"about":[{"href":"https:\/\/edenalvor.com\/pt-pt\/wp-json\/wp\/v2\/types\/product"}],"replies":[{"embeddable":true,"href":"https:\/\/edenalvor.com\/pt-pt\/wp-json\/wp\/v2\/comments?post=7536"}],"wp:featuredmedia":[{"embeddable":true,"href":"https:\/\/edenalvor.com\/pt-pt\/wp-json\/wp\/v2\/media\/6753"}],"wp:attachment":[{"href":"https:\/\/edenalvor.com\/pt-pt\/wp-json\/wp\/v2\/media?parent=7536"}],"wp:term":[{"taxonomy":"product_brand","embeddable":true,"href":"https:\/\/edenalvor.com\/pt-pt\/wp-json\/wp\/v2\/product_brand?post=7536"},{"taxonomy":"product_cat","embeddable":true,"href":"https:\/\/edenalvor.com\/pt-pt\/wp-json\/wp\/v2\/product_cat?post=7536"},{"taxonomy":"product_tag","embeddable":true,"href":"https:\/\/edenalvor.com\/pt-pt\/wp-json\/wp\/v2\/product_tag?post=7536"}],"curies":[{"name":"wp","href":"https:\/\/api.w.org\/{rel}","templated":true}]}}

<p style="text-align: center;"><a class="button" href="https://edenalvor.com/pt-pt/restaurante-eden/">Os Nossos Menus</a></p>
<p>Sabores deliciosos e bebidas especiais numa das nossas esplanadas com vista para o belíssimo jardim e Ria de Alvor tornarão o seu dia único.</p>

<p><span style="font-weight: 400;">O Restaurante Eden está aberto diariamente para pequeno-almoço, almoço, snacks e tapas, e jantar.</span></p>
<p><span style="font-weight: 400;">Desfrute de pratos gourmet confecionados com sabores frescos e locais num ambiente relaxante, mas elegante. Acompanhe a sua refeição com um bom vinho ou um cocktail</span></p>
<p><span style="font-weight: 400;">Para o jantar, venha experimentar uma experiência gastronómica com o Chef Filipe – que ganhou o prémio de Chef do Ano de Portimão em 2024 graças às suas obras-primas culinárias.</span></p>
<p>Nota: Para mais de 9 pessoas, por favor <a class="orange" href="https://edenalvor.com/pt-pt/contacte-nos/">contacte-nos</a>.</p>
